{"id":7485,"date":"2025-08-21T11:01:26","date_gmt":"2025-08-21T14:01:26","guid":{"rendered":"https:\/\/cartaamazonia.com.br\/carta-maps-cop30\/?page_id=7485"},"modified":"2025-09-04T11:27:06","modified_gmt":"2025-09-04T14:27:06","slug":"quem-somos","status":"publish","type":"page","link":"https:\/\/cartaamazonia.com.br\/carta-maps-cop30\/quem-somos\/","title":{"rendered":"Quem Somos"},"content":{"rendered":"\t\t<div data-elementor-type=\"wp-page\" data-elementor-id=\"7485\" class=\"elementor elementor-7485\" data-elementor-post-type=\"page\">\n\t\t\t\t<div class=\"elementor-element elementor-element-45a7541b e-flex e-con-boxed e-con e-parent\" data-id=\"45a7541b\" data-element_type=\"container\" data-settings=\"{&quot;background_background&quot;:&quot;classic&quot;}\">\n\t\t\t\t\t<div class=\"e-con-inner\">\n\t\t\t\t<div class=\"elementor-element elementor-element-362b4642 exad-sticky-section-no exad-glass-effect-no elementor-widget elementor-widget-heading\" data-id=\"362b4642\" data-element_type=\"widget\" data-widget_type=\"heading.default\">\n\t\t\t\t\t<h2 class=\"elementor-heading-title elementor-size-default\"><span style=\"color:#bac000\">QUEM<\/span> <span style=\"color:#ac300e\">SOMOS<\/span><\/h2>\t\t\t\t<\/div>\n\t\t\t\t<div class=\"elementor-element elementor-element-5c577d7f exad-sticky-section-no exad-glass-effect-no elementor-widget elementor-widget-text-editor\" data-id=\"5c577d7f\" data-element_type=\"widget\" data-widget_type=\"text-editor.default\">\n\t\t\t\t\t\t\t\t\t<p>O \u201cCarta Maps COP30\u201d \u00e9 um projeto da ag\u00eancia de comunica\u00e7\u00e3o socioambiental Carta Amaz\u00f4nia que apresenta mapas interativos com m\u00faltiplos temas de interesse \u2013 com geolocaliza\u00e7\u00e3o, textos, fotos e v\u00eddeo \u2013 atualizados periodicamente com informa\u00e7\u00f5es sobre a cidade-sede da COP30 coletadas de modo cruzado com base em dados e informa\u00e7\u00f5es de cidad\u00e3os, universidades, governos e jornalistas.\u00a0<\/p><p>A iniciativa visa investigar, dialogar e mostrar, atrav\u00e9s do geojornalismo, diversos produtos e servi\u00e7os da capital do Par\u00e1 e ao mesmo tempo contextualizar com os conte\u00fados e reportagens veiculadas na ag\u00eancia Carta Amaz\u00f4nia sobre a regi\u00e3o.<\/p>\t\t\t\t\t\t\t\t<\/div>\n\t\t\t\t\t<\/div>\n\t\t\t\t<\/div>\n\t\t\t\t<\/div>\n\t\t","protected":false},"excerpt":{"rendered":"<p>QUEM SOMOS O \u201cCarta Maps COP30\u201d \u00e9 um projeto da ag\u00eancia de comunica\u00e7\u00e3o socioambiental Carta Amaz\u00f4nia que apresenta mapas interativos com m\u00faltiplos temas de interesse \u2013 com geolocaliza\u00e7\u00e3o, textos, fotos e v\u00eddeo \u2013 atualizados periodicamente com informa\u00e7\u00f5es sobre a cidade-sede da COP30 coletadas de modo cruzado com base em dados e informa\u00e7\u00f5es de cidad\u00e3os, universidades, [&hellip;]<\/p>\n","protected":false},"author":1,"featured_media":0,"parent":0,"menu_order":0,"comment_status":"closed","ping_status":"closed","template":"","meta":{"footnotes":""},"class_list":["post-7485","page","type-page","status-publish","hentry"],"_links":{"self":[{"href":"https:\/\/cartaamazonia.com.br\/carta-maps-cop30\/wp-json\/wp\/v2\/pages\/7485","targetHints":{"allow":["GET"]}}],"collection":[{"href":"https:\/\/cartaamazonia.com.br\/carta-maps-cop30\/wp-json\/wp\/v2\/pages"}],"about":[{"href":"https:\/\/cartaamazonia.com.br\/carta-maps-cop30\/wp-json\/wp\/v2\/types\/page"}],"author":[{"embeddable":true,"href":"https:\/\/cartaamazonia.com.br\/carta-maps-cop30\/wp-json\/wp\/v2\/users\/1"}],"replies":[{"embeddable":true,"href":"https:\/\/cartaamazonia.com.br\/carta-maps-cop30\/wp-json\/wp\/v2\/comments?post=7485"}],"version-history":[{"count":28,"href":"https:\/\/cartaamazonia.com.br\/carta-maps-cop30\/wp-json\/wp\/v2\/pages\/7485\/revisions"}],"predecessor-version":[{"id":8181,"href":"https:\/\/cartaamazonia.com.br\/carta-maps-cop30\/wp-json\/wp\/v2\/pages\/7485\/revisions\/8181"}],"wp:attachment":[{"href":"https:\/\/cartaamazonia.com.br\/carta-maps-cop30\/wp-json\/wp\/v2\/media?parent=7485"}],"curies":[{"name":"wp","href":"https:\/\/api.w.org\/{rel}","templated":true}]}}

<div data-elementor-type="wp-page" data-elementor-id="7485" class="elementor elementor-7485" data-elementor-post-type="page">
				<div class="elementor-element elementor-element-45a7541b e-flex e-con-boxed e-con e-parent" data-id="45a7541b" data-element_type="container" data-settings="{&quot;background_background&quot;:&quot;classic&quot;}">
					<div class="e-con-inner">
				<div class="elementor-element elementor-element-362b4642 exad-sticky-section-no exad-glass-effect-no elementor-widget elementor-widget-heading" data-id="362b4642" data-element_type="widget" data-widget_type="heading.default">
					<h2 class="elementor-heading-title elementor-size-default"><span style="color:#bac000">QUEM</span> <span style="color:#ac300e">SOMOS</span></h2>				</div>
				<div class="elementor-element elementor-element-5c577d7f exad-sticky-section-no exad-glass-effect-no elementor-widget elementor-widget-text-editor" data-id="5c577d7f" data-element_type="widget" data-widget_type="text-editor.default">
									<p>O “Carta Maps COP30” é um projeto da agência de comunicação socioambiental Carta Amazônia que apresenta mapas interativos com múltiplos temas de interesse – com geolocalização, textos, fotos e vídeo – atualizados periodicamente com informações sobre a cidade-sede da COP30 coletadas de modo cruzado com base em dados e informações de cidadãos, universidades, governos e jornalistas. </p><p>A iniciativa visa investigar, dialogar e mostrar, através do geojornalismo, diversos produtos e serviços da capital do Pará e ao mesmo tempo contextualizar com os conteúdos e reportagens veiculadas na agência Carta Amazônia sobre a região.</p>								</div>
					</div>
				</div>
				</div>

<p>QUEM SOMOS O “Carta Maps COP30” é um projeto da agência de comunicação socioambiental Carta Amazônia que apresenta mapas interativos com múltiplos temas de interesse – com geolocalização, textos, fotos e vídeo – atualizados periodicamente com informações sobre a cidade-sede da COP30 coletadas de modo cruzado com base em dados e informações de cidadãos, universidades, [&hellip;]</p>
