{"id":7811,"date":"2025-08-28T11:05:53","date_gmt":"2025-08-28T14:05:53","guid":{"rendered":"https:\/\/cartaamazonia.com.br\/carta-maps-cop30\/?page_id=7811"},"modified":"2025-09-10T23:53:51","modified_gmt":"2025-09-11T02:53:51","slug":"metodologia","status":"publish","type":"page","link":"https:\/\/cartaamazonia.com.br\/carta-maps-cop30\/metodologia\/","title":{"rendered":"Metodologia"},"content":{"rendered":"\t\t<div data-elementor-type=\"wp-page\" data-elementor-id=\"7811\" class=\"elementor elementor-7811\" data-elementor-post-type=\"page\">\n\t\t\t\t<div class=\"elementor-element elementor-element-54c1064 e-flex e-con-boxed e-con e-parent\" data-id=\"54c1064\" data-element_type=\"container\">\n\t\t\t\t\t<div class=\"e-con-inner\">\n\t\t\t\t<div class=\"elementor-element elementor-element-d6431f3 exad-sticky-section-no exad-glass-effect-no elementor-widget elementor-widget-heading\" data-id=\"d6431f3\" data-element_type=\"widget\" data-widget_type=\"heading.default\">\n\t\t\t\t\t<h2 class=\"elementor-heading-title elementor-size-default\">\n <span style=\"color:#ac300e\">METODOLOGIA DO CARTA MAPS<\/span><\/h2>\t\t\t\t<\/div>\n\t\t\t\t\t<\/div>\n\t\t\t\t<\/div>\n\t\t<div class=\"elementor-element elementor-element-5564833 e-flex e-con-boxed e-con e-parent\" data-id=\"5564833\" data-element_type=\"container\">\n\t\t\t\t\t<div class=\"e-con-inner\">\n\t\t\t\t<div class=\"elementor-element elementor-element-8fd2e5f exad-sticky-section-no exad-glass-effect-no elementor-widget elementor-widget-text-editor\" data-id=\"8fd2e5f\" data-element_type=\"widget\" data-widget_type=\"text-editor.default\">\n\t\t\t\t\t\t\t\t\t<p><b> \u00c1rea de abrang\u00eancia:<br \/><span style=\"font-weight: 400;\">O levantamento partiu do <\/span>local-sede da COP30, em Bel\u00e9m<span style=\"font-weight: 400;\">, considerado marco-zero do mapeamento. A partir dele, foram identificados estabelecimentos e espa\u00e7os de interesse no entorno imediato e nas principais \u00e1reas de circula\u00e7\u00e3o de visitantes, abrangendo hospedagens, restaurantes, bares e equipamentos culturais relevantes para os participantes da confer\u00eancia<\/span><\/b><\/p><p><b>P\u00fablico-alvo:<\/b><b><br \/><\/b><span style=\"font-weight: 400;\">Estabelecimentos de hospedagem, alimenta\u00e7\u00e3o e cultura que possam atender diretamente visitantes, delega\u00e7\u00f5es, jornalistas e moradores durante a COP30. A sele\u00e7\u00e3o incluiu hot\u00e9is, hostels, restaurantes, bares, cafeterias, casas de shows, museus e outros pontos que integram a infraestrutura urbana de Bel\u00e9m voltada ao evento.<\/span><\/p><p><span style=\"font-weight: 400;\">\u00a0<\/span><\/p><p><span style=\"font-weight: 400;\"><img fetchpriority=\"high\" decoding=\"async\" class=\"aligncenter wp-image-8343 size-large\" src=\"https:\/\/cartaamazonia.com.br\/carta-maps-cop30\/wp-content\/uploads\/2025\/09\/Mapa-da-COP30-Belem-2025_Creditos-AntonioLaranjeira-1024x528.jpg\" alt=\"\" width=\"1024\" height=\"528\" srcset=\"https:\/\/cartaamazonia.com.br\/carta-maps-cop30\/wp-content\/uploads\/2025\/09\/Mapa-da-COP30-Belem-2025_Creditos-AntonioLaranjeira-1024x528.jpg 1024w, https:\/\/cartaamazonia.com.br\/carta-maps-cop30\/wp-content\/uploads\/2025\/09\/Mapa-da-COP30-Belem-2025_Creditos-AntonioLaranjeira-300x155.jpg 300w, https:\/\/cartaamazonia.com.br\/carta-maps-cop30\/wp-content\/uploads\/2025\/09\/Mapa-da-COP30-Belem-2025_Creditos-AntonioLaranjeira-768x396.jpg 768w, https:\/\/cartaamazonia.com.br\/carta-maps-cop30\/wp-content\/uploads\/2025\/09\/Mapa-da-COP30-Belem-2025_Creditos-AntonioLaranjeira.jpg 1366w\" sizes=\"(max-width: 1024px) 100vw, 1024px\" \/><\/span><\/p><p><b>Fonte de dados:<\/b><b><br \/><\/b><span style=\"font-weight: 400;\">Os dados foram coletados de fontes mistas como <\/span><b>Google Maps<\/b><span style=\"font-weight: 400;\">, <\/span><b>Funda\u00e7\u00e3o de Amparo \u00e0 Pesquisa do Par\u00e1, Instituto Federal do Par\u00e1<\/b><span style=\"font-weight: 400;\"> com base em notas e coment\u00e1rios de usu\u00e1rios, pesquisas multifinalit\u00e1rias e projetos de extens\u00e3o.\u00a0<\/span><\/p><p><b>Instrumento de an\u00e1lise:<\/b><b><br \/><\/b><span style=\"font-weight: 400;\">A metodologia foi orientada pelos princ\u00edpios do geojornalismo, estruturada em tr\u00eas etapas: coleta, an\u00e1lise e identifica\u00e7\u00e3o. O foco foi produzir uma cartografia cr\u00edtica que, al\u00e9m da visualiza\u00e7\u00e3o espacial, oferecesse uma leitura jornal\u00edstica das fragilidades e potencialidades da infraestrutura de Bel\u00e9m no contexto da COP30.<\/span><\/p><p><span style=\"font-weight: 400;\">A visualiza\u00e7\u00e3o dos dados foi organizada via <\/span><b>Google My Maps<\/b><span style=\"font-weight: 400;\">, a constru\u00e7\u00e3o dos mapas digitais deste projeto jornal\u00edstico \u00e9 portanto cont\u00ednua e colaborativa.<\/span><\/p><p><b>Equipe de trabalho:<\/b><b><br \/><\/b><span style=\"font-weight: 400;\">A equipe da Ag\u00eancia Carta Amaz\u00f4nia realizou a curadoria, an\u00e1lise e produ\u00e7\u00e3o dos mapas digitais, integrando jornalismo de dados e cartografia aplicada \u00e0 cobertura da COP30.\u00a0<\/span><\/p><p><b>Usabilidade do Carta Maps<\/b><\/p><p><strong>5 passos sobre como usar a ferramenta digital de navega\u00e7\u00e3o:<\/strong><\/p><ol><li style=\"font-weight: 400;\" aria-level=\"1\"><span style=\"font-weight: 400;\">Clique no mapa para abrir no Google Maps, instalado no seu dispositivo m\u00f3vel<\/span><\/li><li style=\"font-weight: 400;\" aria-level=\"1\"><span style=\"font-weight: 400;\">Usando o zoom (bot\u00f5es de \u201c+ \/ -\u201d no canto da tela), aproxime e afaste para conhecer mais Bel\u00e9m<\/span><\/li><li style=\"font-weight: 400;\" aria-level=\"1\"><span style=\"font-weight: 400;\">Clique em cada ponto para saber mais sobre a hospedagem, restaurante, bar, casa de shows ou museu que voc\u00ea quer visitar<\/span><\/li><li style=\"font-weight: 400;\" aria-level=\"1\"><span style=\"font-weight: 400;\">Navegue pela cidade usando o Carta Maps ao vivo, ele funciona como um GPS paraense<\/span><\/li><li style=\"font-weight: 400;\" aria-level=\"1\"><span style=\"font-weight: 400;\">Colabore com o Carta Maps indicando lugares para o mapa por meio do formul\u00e1rio, <strong>acesse <\/strong><\/span><strong><a href=\"https:\/\/forms.gle\/3mWs55iiHV7Nfkc5A\">aqui<\/a>.<\/strong><\/li><\/ol>\t\t\t\t\t\t\t\t<\/div>\n\t\t\t\t\t<\/div>\n\t\t\t\t<\/div>\n\t\t\t\t<\/div>\n\t\t","protected":false},"excerpt":{"rendered":"<p>METODOLOGIA DO CARTA MAPS \u00c1rea de abrang\u00eancia:O levantamento partiu do local-sede da COP30, em Bel\u00e9m, considerado marco-zero do mapeamento. A partir dele, foram identificados estabelecimentos e espa\u00e7os de interesse no entorno imediato e nas principais \u00e1reas de circula\u00e7\u00e3o de visitantes, abrangendo hospedagens, restaurantes, bares e equipamentos culturais relevantes para os participantes da confer\u00eancia P\u00fablico-alvo:Estabelecimentos de [&hellip;]<\/p>\n","protected":false},"author":1,"featured_media":8343,"parent":0,"menu_order":0,"comment_status":"closed","ping_status":"closed","template":"","meta":{"footnotes":""},"class_list":["post-7811","page","type-page","status-publish","has-post-thumbnail","hentry"],"_links":{"self":[{"href":"https:\/\/cartaamazonia.com.br\/carta-maps-cop30\/wp-json\/wp\/v2\/pages\/7811","targetHints":{"allow":["GET"]}}],"collection":[{"href":"https:\/\/cartaamazonia.com.br\/carta-maps-cop30\/wp-json\/wp\/v2\/pages"}],"about":[{"href":"https:\/\/cartaamazonia.com.br\/carta-maps-cop30\/wp-json\/wp\/v2\/types\/page"}],"author":[{"embeddable":true,"href":"https:\/\/cartaamazonia.com.br\/carta-maps-cop30\/wp-json\/wp\/v2\/users\/1"}],"replies":[{"embeddable":true,"href":"https:\/\/cartaamazonia.com.br\/carta-maps-cop30\/wp-json\/wp\/v2\/comments?post=7811"}],"version-history":[{"count":58,"href":"https:\/\/cartaamazonia.com.br\/carta-maps-cop30\/wp-json\/wp\/v2\/pages\/7811\/revisions"}],"predecessor-version":[{"id":8356,"href":"https:\/\/cartaamazonia.com.br\/carta-maps-cop30\/wp-json\/wp\/v2\/pages\/7811\/revisions\/8356"}],"wp:featuredmedia":[{"embeddable":true,"href":"https:\/\/cartaamazonia.com.br\/carta-maps-cop30\/wp-json\/wp\/v2\/media\/8343"}],"wp:attachment":[{"href":"https:\/\/cartaamazonia.com.br\/carta-maps-cop30\/wp-json\/wp\/v2\/media?parent=7811"}],"curies":[{"name":"wp","href":"https:\/\/api.w.org\/{rel}","templated":true}]}}